Is 55 a factor of 1292524146?
False
Is 38602478 a multiple of 1697?
False
Is 7 a factor of 1419665529?
False
Is 706 a factor of 8965424?
False
Is 103 a factor of 25318712?
False
Does 2442 divide 661005444?
True
Is 770707714 a multiple of 1240?
False
Does 1233 divide 82117800?
True
Is 17 a factor of 643581206?
True
Is 36 a factor of 1801967223?
False
Does 404 divide 139926017?
False
Is 169 a factor of 138565804?
True
Is 426227829 a multiple of 539?
False
Is 2572 a factor of 80454732?
True
Does 64 divide 1206697984?
True
Does 1261 divide 1182177?
False
Is 42 a factor of 1329279?
False
Is 71312675 a multiple of 1813?
False
Is 871563620 a multiple of 192?
False
Is 214 a factor of 831352336?
True
Is 3 a factor of 342880444?
False
Is 815945600 a multiple of 16?
True
Is 3 a factor of 16493189?
False
Does 189 divide 30137921?
False
Does 74 divide 29946024?
True
Is 30383428 a multiple of 134?
True
Does 18 divide 604062001?
False
Is 89980181 a multiple of 22?
False
Does 651 divide 110800851?
True
Does 163 divide 108599846?
False
Does 19 divide 6970230?
False
Does 383 divide 1469340434?
True
Does 299 divide 910526120?
False
Is 132 a factor of 57074292?
True
Does 3045 divide 37175325?
False
Is 2972 a factor of 572552828?
True
Does 10 divide 452321943?
False
Does 579 divide 44918347?
False
Does 96 divide 170977056?
True
Is 5754325 a multiple of 38?
False
Is 761 a factor of 1168119?
False
Is 1691478 a multiple of 68?
False
Is 1577142994 a multiple of 6276?
False
Is 1852 a factor of 255692676?
True
Is 2005159683 a multiple of 11125?
False
Is 346 a factor of 3686284?
True
Does 31 divide 79948442?
True
Is 14057229 a multiple of 31?
True
Is 26 a factor of 17260048?
True
Is 10209531 a multiple of 2?
False
Is 22168412 a multiple of 23?
True
Does 19 divide 683733783?
False
Is 20 a factor of 391957180?
True
Is 6 a factor of 100300716?
True
Does 5 divide 31307122?
False
Does 2881 divide 132091923?
False
Is 312934600 a multiple of 10?
True
Does 7822 divide 388695066?
False
Is 83 a factor of 141659669?
True
Is 98 a factor of 315677872?
False
Is 1456 a factor of 121362504?
False
Does 2851 divide 87765184?
True
Does 508 divide 130006344?
True
Is 110 a factor of 44346094?
False
Is 314 a factor of 65419019?
False
Is 11910387 a multiple of 29?
True
Does 1913 divide 126490418?
False
Is 285 a factor of 43532500?
False
Is 17285974 a multiple of 11?
False
Is 18103772 a multiple of 149?
False
Is 11 a factor of 2069847677?
False
Does 3775 divide 53620100?
True
Is 48067323 a multiple of 900?
False
Does 106 divide 309451393?
False
Is 1247510478 a multiple of 165?
False
Is 4766955 even?
False
Is 23078838 a multiple of 4?
False
Does 88 divide 1180461374?
False
Does 3 divide 73558908?
True
Is 2166203 a multiple of 156?
False
Is 313732470 a multiple of 30?
True
Is 8 a factor of 373279536?
True
Does 23 divide 7411934?
True
Does 2367 divide 1550462612?
False
Is 1896151115 a multiple of 5?
True
Does 127 divide 556596776?
False
Is 5 a factor of 132994480?
True
Does 2 divide 61845629?
False
Is 278168 a multiple of 29?
True
Does 12 divide 706990596?
True
Does 664 divide 209781504?
True
Is 200 a factor of 783596404?
False
Is 82948798 a multiple of 6?
False
Is 388146559 a multiple of 7?
False
Does 256 divide 32410351?
False
Is 10 a factor of 4417983350?
True
Is 7 a factor of 1685026?
True
Is 70449972 a multiple of 41?
True
Does 1382 divide 5034626?
True
Does 19 divide 38655045?
False
Is 25 a factor of 24461700?
True
Is 271716036 a multiple of 228?
True
Is 134 a factor of 101029341?
False
Does 12 divide 6060515916?
True
Is 12 a factor of 979095220?
False
Is 418 a factor of 17620857?
False
Is 38840998 a multiple of 797?
True
Does 9 divide 264317460?
False
Does 124 divide 448985896?
True
Does 24 divide 2854669?
False
Does 17 divide 509171896?
True
Does 15 divide 1038372700?
False
Is 115 a factor of 69608465?
True
Is 2076 a factor of 208374348?
True
Is 248372801 a multiple of 163?
False
Does 327 divide 39623962?
False
Is 181928919 a multiple of 87?
True
Is 1674442971 a multiple of 2799?
True
Is 430 a factor of 56537690?
True
Is 187168482 a multiple of 6?
True
Is 29410727 a multiple of 5?
False
Is 21 a factor of 168580540?
False
Is 2805 a factor of 42907721?
False
Does 2789 divide 12301537?
False
Is 43907632 a multiple of 793?
False
Does 155 divide 68896592?
False
Is 951513543 a multiple of 482?
False
Is 14491631 a multiple of 469?
True
Is 10990688 a multiple of 872?
True
Does 1832 divide 100867666?
False
Is 21538251 a multiple of 9?
True
Is 212502066 a multiple of 1120?
False
Is 336994764 a multiple of 9?
False
Does 94 divide 84931427?
False
Is 1463 a factor of 119715827?
True
Is 12 a factor of 117080777?
False
Is 827 a factor of 69215475?
False
Is 907732592 a multiple of 26?
True
Is 3163379 a multiple of 56?
False
Is 1151905673 a multiple of 11?
False
Does 293 divide 30025761?
True
Is 52672060 a multiple of 3785?
True
Is 2722186 a multiple of 185?
False
Is 471990404 a multiple of 1000?
False
Does 1983 divide 93721861?
False
Does 108 divide 221631012?
True
Is 11 a factor of 1454822205?
False
Is 177 a factor of 39021055?
False
Is 24276170 a multiple of 610?
True
Does 778 divide 35416116?
True
Is 1157042078 a multiple of 83?
True
Is 37628006 a multiple of 149?
False
Does 2809 divide 114211131?
True
Does 304 divide 344528418?
False
Is 212 a factor of 1194786035?
False
Does 11 divide 529923537?
True
Is 790 a factor of 12420860?
False
Is 3 a factor of 159989424?
True
Does 22 divide 163559567?
False
Is 15 a factor of 5653122240?
True
Is 35 a factor of 23575551?
False
Is 6834897 a multiple of 9?
True
Is 82 a factor of 2775101246?
False
Is 272761944 a multiple of 21?
True
Is 443685064 a multiple of 2381?
True
Does 1978 divide 474235390?
True
Is 101 a factor of 180368049?
False
Is 197813070 a multiple of 5?
True
Is 88657732 a multiple of 92?
True
Does 3007 divide 2937839?
True
Is 3340 a factor of 269021189?
False
Is 86002628 a multiple of 373?
False
Is 1910 a factor of 3657988070?
True
Is 2964 a factor of 886160859?
False
Does 39 divide 619769794?
False
Is 45154375 a multiple of 875?
True
Does 2091 divide 823376540?
False
Is 526906125 a multiple of 722?
False
Is 6 a factor of 2676335?
False
Is 1699640906 a multiple of 998?
True
Is 683 a factor of 525989565?
False
Does 307 divide 30082797?
False
Does 13 divide 197994389?
False
Is 116 a factor of 96421868?
True
Is 95938752 a multiple of 21?
True
Is 4 a factor of 33651672?
True
Does 69 divide 229281135?
True
Is 998 a factor of 85489678?
True
Is 121 a factor of 173574711?
False
Does 158 divide 74284993?
False
Is 392 a factor of 1474789848?
True
Does 524 divide 221849448?
False
Is 35856323 a multiple of 259?
False
Does 105 divide 395175153?
False
Does 87 divide 26133408?
True
Is 9 a factor of 249885?
True
Does 146 divide 74414233?
False
Is 2030923034 a multiple of 11?
False
Does 11 divide 246312455?
False
Does 24 divide 141368928?
True
Is 167737444 a multiple of 2863?
True
Does 10 divide 352118080?
True
Is 40 a factor of 78485760?
True
Does 228 divide 190863529?
False
Does 487 divide 5097916?
True
Does 46 divide 76579880?
True
Is 56693639 a multiple of 22?
False
Is 259485605 a multiple of 965?
True
Does 3459 divide 263081163?
True
Is 274136333 a multiple of 164?
False
Does 29 divide 13016244?
True
Is 1187 a factor of 521227720?
False
Is 18 a factor of 29227832?
False
Is 630057312 a multiple of 296?
True
Is 2411 a factor of 185586725?
True
Is 265 a factor of 20357035?
True
Does 32 divide 156655211?
False
Is 176196062 a multiple of 2768?
False
Is 623 a factor of 21129668?
True
Does 1697 divide 474498170?
True
Is 1346721816 a multiple of 124?
False
Is 22871666 a multiple of 207?
False
Is 882 a factor of 28394355?
False
Is 13 a factor of 180330581?
False
Is 3466 a factor of 322178564?
True
Does 825 divide 43456308?
False
Does 61 divide 958939417?
False
Is 74 a factor of 59050594?
True
Does 359 divide 21601351?
False
Does 20 divide 52364124?
False
Is 3128493 a multiple of 18?
False
Does 606 divide 59816442?
True
Is 477 a factor of 42696747?
True
Is 24 a factor of 51059290?
False
Is 164311357 a multiple of 26?
False
Is 375 a factor of 65994375?
True
Is 177 a factor of 95631330?
True
Is 374507875 a multiple of 85?
True
Does 16 divide 1171502400?
True
Is 16610486